nder when 10 is divided by o.
0
Let y(o) be the first derivative of o**3 - 4*o**2 - 5*o - 1. Let h(w) = 6*w**3 + w - 1. Let b be h(1). What is the remainder when y(b) is divided by 19?
17
Let x(c) = 25*c**2 + 2*c. Let s be x(-2). Suppose -2*w + 36 = s. Let u = w - -43. Calculate the remainder when 38 is divided by u.
12
Let j = 245 - 162. What is the remainder when j is divided by 12?
11
Suppose 12*n - 87 = 9*n. Calculate the remainder when n is divided by 8.
5
Suppose 0 = 2*w - 3*j - 93, 0*w = 3*w - 3*j - 144. Let u(m) = 19*m + 75. Calculate the remainder when w is divided by u(-3).
15
Let a = 3 + 4. Let d be 15/(2 - a/2). Let m = 11 - d. Calculate the remainder when m is divided by 11.
10
Let m(u) = -4*u - 1. Let f be m(-5). Let g = f + -12. Calculate the remainder when g is divided by 23/5 + (-8)/(-20).
2
Let p = 109 + -105. What is the remainder when 19 is divided by p?
3
Let l(y) = 11*y**2 - 1 - y - 1 + 1. Let v(h) = h**3 + 6*h**2 + h + 1. Calculate the remainder when v(-5) is divided by l(-1).
10
Suppose 3*m = 101 + 160. What is the remainder when m is divided by 30?
27
Suppose 0 = 2*d - 8*d + 540. What is the remainder when d is divided by 23?
21
Let d be (-2)/8 + (-9)/(-4). Suppose d*n - 11 + 5 = 0. Calculate the remainder when 7 is divided by n.
1
Let u = 31 - 15. Suppose f - 32 = -3*h, u = 7*h - 3*h - 4*f. Calculate the remainder when 17 is divided by h.
8
Let f = 13 - 5. Let i = -130 - -143. Calculate the remainder when i is divided by f.
5
Let u(t) = 4*t - 2. What is the remainder when 15 is divided by u(2)?
3
Let f(b) = -b**2 + 9*b + 4. Let h = -34 + 3. Let v = 96 + h. What is the remainder when v is divided by f(6)?
21
Suppose 2*z - 15 - 1 = 0. Let n(u) = -37*u**2 + u. Let b be n(-1). Calculate the remainder when z is divided by 9/36 - b/8.
3
Suppose -42 = -4*m + 2*m. What is the remainder when m is divided by 1 + (12 - 2 - 3)?
5
Let x = 25 - 18. What is the remainder when x is divided by 2?
1
Suppose -5*s = 3*i - 19 + 2, 19 = i - s. Calculate the remainder when 27 is divided by i.
13
Suppose 3 - 35 = -2*c. Calculate the remainder when 31 is divided by c.
15
Suppose -3*w + 6*w = 0. Suppose w = -g + 4 + 8. Calculate the remainder when 21 is divided by g.
9
Suppose 14*z = z + 858. Calculate the remainder when z is divided by 34.
32
Let t = -12 + 1. Let o = 25 - t. What is the remainder when o is divided by 19?
17
Suppose 2*w = 10 - 0. Suppose 4*u + 5*g + w = 189, 3*g - 12 = 0. Calculate the remainder when u is divided by 14.
13
Let o(l) = 7*l**2 + 6*l - 9. Let y be o(6). What is the remainder when (-2)/4 - y/(-6) is divided by 12?
10
Let p(n) = -2*n**3 - 4*n**2 - 3*n - 2. Let x = 7 + -5. What is the remainder when p(-2) is divided by x?
0
Let d = 68 + -21. Let n = 0 - -3. Calculate the remainder when d is divided by 1*n/((-3)/(-16)).
15
Suppose 4*w - 56 = -l, 4*w - 269 - 15 = -4*l. Calculate the remainder when l is divided by 17.
8
Suppose 2*j + 14 + 2 = 0. Let p(w) = w + 19. What is the remainder when 32 is divided by p(j)?
10
Suppose 0 = 3*u - 3, 0 = i - 0*i + 5*u - 18. Let k be (6/1)/(-2) - -2. Let m(p) = 37*p**2 - p - 1. Calculate the remainder when m(k) is divided by i.
11
Suppose 0 = -4*n + 3*q + 139, q = -3*n + 44 + 57. What is the remainder when n is divided by 12?
10
Let i be (-2 + 1)/(-1) + 9. Suppose 4*w - 2*z - 30 = -4, -w - i = 5*z. Calculate the remainder when 19 is divided by w.
4
Suppose 0 = 4*o, 3*b - o = 4*o + 30. Calculate the remainder when 28 is divided by b.
8
Suppose 3 = -3*x + 12. Suppose -u = x*u - 60. Calculate the remainder when 29 is divided by u.
14
Suppose 0 = -6*j - 0*j + 18. Calculate the remainder when 6 is divided by j.
0
Let r(j) = j**2 - 4*j + 3. Let t be r(5). Suppose 0 = y - 2*y + t. Calculate the remainder when (-48)/(-2) + 0 + -1 is divided by y.
7
Let k = -55 + 105. Suppose 0 = 4*v - 52. Calculate the remainder when k is divided by v.
11
Suppose -3*x = 100 - 268. Calculate the remainder when x is divided by ((-19)/4)/(-1*2/8).
18
Suppose -5*c + 100 = p, -c + 2*c = 5. Calculate the remainder when p is divided by 26.
23
Suppose 0 = 7*z + 111 - 328. What is the remainder when z is divided by 8?
7
Let o(k) = -k**3 - 6*k**2 - 2*k - 7. Calculate the remainder when 16 is divided by o(-6).
1
Suppose 3*l + 2 = 41. Suppose -n - 2*i = -l, i = -n - 2*n + 54. Calculate the remainder when n is divided by 10.
9
Suppose -4*r + 46 + 198 = 0. Suppose -11 = 2*k - r. What is the remainder when k is divided by 9?
7
Suppose -2*l + 12 = -0. Suppose 72 = 5*y + 2*a - 3, -y + 42 = -5*a. Calculate the remainder when y is divided by l.
5
Let o(u) = u**2 + 7*u - 1. Suppose -5*j + 1 - 10 = -3*t, 2*t - 2*j = 6. What is the remainder when o(-8) is divided by t?
1
Suppose 0 = 2*k - 4*g - 26, -2*g = -2*k + 4*k - 2. What is the remainder when 17 is divided by k?
2
Let a be 46 - (-4)/2*-1. Let y be (-1)/3 + 748/12. Suppose l - a = -4*d - 3*l, 4*d - 5*l - y = 0. What is the remainder when 38 is divided by d?
12
Let k = -18 - -25. Suppose -28 = -4*w - 8. Calculate the remainder when k is divided by w.
2
Let f = -43 + 54. Suppose -w = 4*c - 263, -6 = -0*w - 2*w. What is the remainder when c is divided by f?
10
Let b(f) = -f + 9. Suppose 0 = -4*j + 5*j. Let o(i) = 18*i - 1. What is the remainder when o(1) is divided by b(j)?
8
Suppose -2*y + 30 = y. Suppose 11 = o - y. What is the remainder when o is divided by 12?
9
Suppose 2 = -4*w + 2*w. Calculate the remainder when 12/4*(-4)/(-6) is divided by 4 - (w + 2 - -1).
0
Suppose -3*h + 56 = -5*t - 124, 2*t = 3*h - 180. Calculate the remainder when h is divided by 31.
29
Suppose -10 = 5*z - 3*g, 5*z - 2*g + 10 = -5. Let b(s) = -7*s - 2. Calculate the remainder when b(z) is divided by 17.
16
Let u = 2 - -43. What is the remainder when u is divided by 16?
13
Suppose -139 = -v + 5*t, -4*v + 4*t = 2*t - 520. What is the remainder when (-1)/((0 - 3)/v) is divided by 11?
10
Suppose -4*d + 92 = 28. Calculate the remainder when 46 is divided by d.
14
Let x be 36/15*(-15)/(-6). Let c be (25/(-2))/((-3)/x). Suppose 0 = p - l - 5, p + l - c = -3*p. Calculate the remainder when 10 is divided by p.
4
Let v = -1 + 11. Calculate the remainder when 1/(((-3)/(-19))/3) is divided by v.
9
Let h(t) = -t**3 - 7*t**2 - t - 2. Let x be h(-7). Suppose 3*b - 30 = 4*r, -x*b + r - 4*r + 50 = 0. What is the remainder when 18 is divided by b?
8
Let p(w) = 8*w - 1. Calculate the remainder when (0 - -1)/(6/738) is divided by p(4).
30
Suppose 0 = -3*o + 1 + 11. Let l = 9 - o. What is the remainder when 15 is divided by 2*(l - (-1)/(-1))?
7
Suppose 0 = -4*f + 2*y + 79 + 7, f + 5*y - 38 = 0. Suppose -2*i + 5*i = 4*m + 41, 0 = m - 4*i + 20. Let k = m + f. What is the remainder when k is divided by 4?
3
Let g = 6 + -12. Let m be (-20)/g + (-2)/(-3). Suppose 4 = 4*u - m. What is the remainder when 5 is divided by u?
1
Let c = -1 + 5. Let l = 18 - 9. What is the remainder when l is divided by c?
1
Calculate the remainder when 26 is divided by ((-18)/8)/(21/(-84)).
8
Let x = -2 + 6. Suppose 3*w - 5*s = -0*s + 11, -2*w - 5*s = 26. Let j = w - -5. What is the remainder when x is divided by j?
0
Suppose 1183 - 70 = 7*d. Calculate the remainder when d is divided by 40.
39
Suppose -5*u = 43 - 113. Let h = 192 + -103. Let c = h + -49. What is the remainder when c is divided by u?
12
Let d(a) = 2*a**3 - 10*a**2 - 6*a + 2. Calculate the remainder when d(6) is divided by 10.
8
Suppose -k - 4*n = -17 - 3, 4*k - 3*n - 80 = 0. Calculate the remainder when k is divided by 3/(-9) + 44/6.
6
Suppose 0 = 2*g - 5*g + 51. Calculate the remainder when 50 is divided by g.
16
Let f(q) = -3*q + 2. Let u(c) = -3*c + 2. Let w(z) = -5*f(z) + 4*u(z). Let r be w(2). Suppose r*y - 82 = -2. Calculate the remainder when 59 is divided by y.
19
Suppose -r - 3 + 14 = 0. Suppose 0 = 5*h - 828 + 183. Suppose 3*m - 2*v - h = 0, -6 = m + 2*v - 49. Calculate the remainder when m is divided by r.
10
Suppose 4*c = 3*c + 1. Let v be (1 - 1 - -3)/c. Let x(g) = g**2 + g - 2. Calculate the remainder when 38 is divided by x(v).
8
Calculate the remainder when 43 is divided by (10/2 - 1) + 18.
21
Suppose -39 = 2*f - 149. Suppose y = 5*z - 20 - f, -y = -5. Calculate the remainder when 61 is divided by z.
13
Suppose 0 = -3*b - 52 + 115. Calculate the remainder when 10